{"id":3360,"date":"2023-05-03T18:42:33","date_gmt":"2023-05-03T18:42:33","guid":{"rendered":"https:\/\/v2.intercar.ba\/?page_id=3360"},"modified":"2023-05-08T08:39:53","modified_gmt":"2023-05-08T06:39:53","slug":"dugorocno-iznajmljivanje","status":"publish","type":"page","link":"https:\/\/intercar.ba\/en\/dugorocno-iznajmljivanje\/","title":{"rendered":"Long term rental"},"content":{"rendered":"<div data-elementor-type=\"wp-page\" data-elementor-id=\"3360\" class=\"elementor elementor-3360\" data-elementor-post-type=\"page\">\n\t\t\t\t\t\t<section class=\"elementor-section elementor-top-section elementor-element elementor-element-015843b elementor-section-boxed elementor-section-height-default elementor-section-height-default\" data-id=\"015843b\" data-element_type=\"section\" data-e-type=\"section\">\n\t\t\t\t\t\t<div class=\"elementor-container elementor-column-gap-default\">\n\t\t\t\t\t<div class=\"elementor-column elementor-col-100 elementor-top-column elementor-element elementor-element-ff503f9\" data-id=\"ff503f9\" data-element_type=\"column\" data-e-type=\"column\">\n\t\t\t<div class=\"elementor-widget-wrap elementor-element-populated\">\n\t\t\t\t\t\t<div class=\"elementor-element elementor-element-c076470 elementor-widget__width-initial elementor-widget elementor-widget-text-editor\" data-id=\"c076470\" data-element_type=\"widget\" data-e-type=\"widget\" data-widget_type=\"text-editor.default\">\n\t\t\t\t<div class=\"elementor-widget-container\">\n\t\t\t\t\t\t\t\t\t<p><strong>The Intercar business package refers to long-term rentals and is intended for companies.<\/strong><\/p><p><strong>The price of the Intercar business package includes the following:<\/strong><\/p><ul><li>Comprehensive insurance (without franchise) during the rental period<\/li><li>Mandatory auto liability insurance (AO), including passenger insurance (1+4) for the rental period<\/li><li>unlimited mileage<\/li><li>vehicle registration costs<\/li><li>annual tax on motor vehicles<\/li><li>regular vehicle service<\/li><li>seasonal tire change (winter and summer tires)<\/li><li>regular control of the technical correctness of the vehicle<\/li><li>the right to a replacement vehicle of the same class in the event of vehicle breakdown or servicing<\/li><li>professional technical assistance<\/li><li>in the event of a vehicle breakdown, our on-call service (working from 0 to 24 hours every day) will deliver you a replacement vehicle in the shortest possible time on the territory of the whole of Europe<br \/>you get one monthly bill for the entire service<\/li><\/ul><p><strong>With the Intercar business package you have the following advantages:<\/strong><\/p><ul><li>the possibility of buying a new vehicle for you of a certain brand and type of vehicle<\/li><li>the possibility of vehicle branding<\/li><li>discounts on additional short-term rentals or chauffeur services and similar services<\/li><li>additional discounts on a larger number of rented vehicles<\/li><\/ul><p><strong>Due to all of the above, many medium and large companies have seen the advantages of doing business with the Intercar business package, namely:<\/strong><\/p><ul><li>they left the care of the vehicles to us,<br \/>have a clearer insight into costs and cost planning,<\/li><li>they use the money for the purchase of vehicles as working capital (many companies sell their fleet to get working capital),<\/li><li>they always drive young or new vehicles, which is good for safer driving, and contributes to a better image of the company, as well as other advantages.<\/li><\/ul>\t\t\t\t\t\t\t\t<\/div>\n\t\t\t\t<\/div>\n\t\t\t\t\t<\/div>\n\t\t<\/div>\n\t\t\t\t\t<\/div>\n\t\t<\/section>\n\t\t\t\t<\/div>","protected":false},"excerpt":{"rendered":"<p>Intercar business paket se odnosi na dugoro\u010dne najmove i namjenjen je kompanijama. U cijenu Intercar business paketa je uklju\u010deno sljede\u0107e: Kasko osiguranje (bez fran\u0161ize) u toku trajanja najma Obavezno osiguranje od auto-odgovornosti (AO), uklju\u010duju\u0107i putni\u010dko osiguranje (1+4) za period najma neograni\u010dena kilometra\u017ea tro\u0161kove registracije vozila godi\u0161nju taksu na motorna vozila redovan servis vozila sezonska zamjena [&hellip;]<\/p>\n","protected":false},"author":1,"featured_media":0,"parent":0,"menu_order":0,"comment_status":"closed","ping_status":"closed","template":"elementor_header_footer","meta":{"_acf_changed":false,"footnotes":""},"class_list":["post-3360","page","type-page","status-publish","hentry"],"acf":[],"yoast_head":"<!-- This site is optimized with the Yoast SEO plugin v27.5 - https:\/\/yoast.com\/product\/yoast-seo-wordpress\/ -->\n<title>Dugoro\u010dno iznajmljivanje - Intercar Tuzla - Car Rental<\/title>\n<meta name=\"robots\" content=\"index, follow, max-snippet:-1, max-image-preview:large, max-video-preview:-1\" \/>\n<link rel=\"canonical\" href=\"https:\/\/intercar.ba\/en\/dugorocno-iznajmljivanje\/\" \/>\n<meta property=\"og:locale\" content=\"en_US\" \/>\n<meta property=\"og:type\" content=\"article\" \/>\n<meta property=\"og:title\" content=\"Dugoro\u010dno iznajmljivanje - Intercar Tuzla - Car Rental\" \/>\n<meta property=\"og:description\" content=\"Intercar business paket se odnosi na dugoro\u010dne najmove i namjenjen je kompanijama. U cijenu Intercar business paketa je uklju\u010deno sljede\u0107e: Kasko osiguranje (bez fran\u0161ize) u toku trajanja najma Obavezno osiguranje od auto-odgovornosti (AO), uklju\u010duju\u0107i putni\u010dko osiguranje (1+4) za period najma neograni\u010dena kilometra\u017ea tro\u0161kove registracije vozila godi\u0161nju taksu na motorna vozila redovan servis vozila sezonska zamjena [&hellip;]\" \/>\n<meta property=\"og:url\" content=\"https:\/\/intercar.ba\/en\/dugorocno-iznajmljivanje\/\" \/>\n<meta property=\"og:site_name\" content=\"Intercar Tuzla - Car Rental\" \/>\n<meta property=\"article:publisher\" content=\"https:\/\/www.facebook.com\/profile.php?id=100063628207134\" \/>\n<meta property=\"article:modified_time\" content=\"2023-05-08T06:39:53+00:00\" \/>\n<meta property=\"og:image\" content=\"https:\/\/intercar.ba\/wp-content\/uploads\/2023\/05\/slide-1.jpg\" \/>\n\t<meta property=\"og:image:width\" content=\"1920\" \/>\n\t<meta property=\"og:image:height\" content=\"595\" \/>\n\t<meta property=\"og:image:type\" content=\"image\/jpeg\" \/>\n<meta name=\"twitter:card\" content=\"summary_large_image\" \/>\n<meta name=\"twitter:label1\" content=\"Est. reading time\" \/>\n\t<meta name=\"twitter:data1\" content=\"2 minutes\" \/>\n<script type=\"application\/ld+json\" class=\"yoast-schema-graph\">{\"@context\":\"https:\\\/\\\/schema.org\",\"@graph\":[{\"@type\":\"WebPage\",\"@id\":\"https:\\\/\\\/intercar.ba\\\/dugorocno-iznajmljivanje\\\/\",\"url\":\"https:\\\/\\\/intercar.ba\\\/dugorocno-iznajmljivanje\\\/\",\"name\":\"Dugoro\u010dno iznajmljivanje - Intercar Tuzla - Car Rental\",\"isPartOf\":{\"@id\":\"https:\\\/\\\/intercar.ba\\\/#website\"},\"datePublished\":\"2023-05-03T18:42:33+00:00\",\"dateModified\":\"2023-05-08T06:39:53+00:00\",\"breadcrumb\":{\"@id\":\"https:\\\/\\\/intercar.ba\\\/dugorocno-iznajmljivanje\\\/#breadcrumb\"},\"inLanguage\":\"en-US\",\"potentialAction\":[{\"@type\":\"ReadAction\",\"target\":[\"https:\\\/\\\/intercar.ba\\\/dugorocno-iznajmljivanje\\\/\"]}]},{\"@type\":\"BreadcrumbList\",\"@id\":\"https:\\\/\\\/intercar.ba\\\/dugorocno-iznajmljivanje\\\/#breadcrumb\",\"itemListElement\":[{\"@type\":\"ListItem\",\"position\":1,\"name\":\"Naslovna\",\"item\":\"https:\\\/\\\/intercar.ba\\\/\"},{\"@type\":\"ListItem\",\"position\":2,\"name\":\"Dugoro\u010dno iznajmljivanje\"}]},{\"@type\":\"WebSite\",\"@id\":\"https:\\\/\\\/intercar.ba\\\/#website\",\"url\":\"https:\\\/\\\/intercar.ba\\\/\",\"name\":\"Intercar Tuzla - Rent a car\",\"description\":\"Kratkoro\u010dno i dugoro\u010dno iznajmljivanje vozila!\",\"publisher\":{\"@id\":\"https:\\\/\\\/intercar.ba\\\/#organization\"},\"potentialAction\":[{\"@type\":\"SearchAction\",\"target\":{\"@type\":\"EntryPoint\",\"urlTemplate\":\"https:\\\/\\\/intercar.ba\\\/?s={search_term_string}\"},\"query-input\":{\"@type\":\"PropertyValueSpecification\",\"valueRequired\":true,\"valueName\":\"search_term_string\"}}],\"inLanguage\":\"en-US\"},{\"@type\":\"Organization\",\"@id\":\"https:\\\/\\\/intercar.ba\\\/#organization\",\"name\":\"Intercar Tuzla - Rent a car\",\"url\":\"https:\\\/\\\/intercar.ba\\\/\",\"logo\":{\"@type\":\"ImageObject\",\"inLanguage\":\"en-US\",\"@id\":\"https:\\\/\\\/intercar.ba\\\/#\\\/schema\\\/logo\\\/image\\\/\",\"url\":\"https:\\\/\\\/intercar.ba\\\/wp-content\\\/uploads\\\/2023\\\/05\\\/favicon.png\",\"contentUrl\":\"https:\\\/\\\/intercar.ba\\\/wp-content\\\/uploads\\\/2023\\\/05\\\/favicon.png\",\"width\":257,\"height\":257,\"caption\":\"Intercar Tuzla - Rent a car\"},\"image\":{\"@id\":\"https:\\\/\\\/intercar.ba\\\/#\\\/schema\\\/logo\\\/image\\\/\"},\"sameAs\":[\"https:\\\/\\\/www.facebook.com\\\/profile.php?id=100063628207134\"]}]}<\/script>\n<!-- \/ Yoast SEO plugin. -->","yoast_head_json":{"title":"Long-term rental - Intercar Tuzla - Car Rental","robots":{"index":"index","follow":"follow","max-snippet":"max-snippet:-1","max-image-preview":"max-image-preview:large","max-video-preview":"max-video-preview:-1"},"canonical":"https:\/\/intercar.ba\/en\/dugorocno-iznajmljivanje\/","og_locale":"en_US","og_type":"article","og_title":"Dugoro\u010dno iznajmljivanje - Intercar Tuzla - Car Rental","og_description":"Intercar business paket se odnosi na dugoro\u010dne najmove i namjenjen je kompanijama. U cijenu Intercar business paketa je uklju\u010deno sljede\u0107e: Kasko osiguranje (bez fran\u0161ize) u toku trajanja najma Obavezno osiguranje od auto-odgovornosti (AO), uklju\u010duju\u0107i putni\u010dko osiguranje (1+4) za period najma neograni\u010dena kilometra\u017ea tro\u0161kove registracije vozila godi\u0161nju taksu na motorna vozila redovan servis vozila sezonska zamjena [&hellip;]","og_url":"https:\/\/intercar.ba\/en\/dugorocno-iznajmljivanje\/","og_site_name":"Intercar Tuzla - Car Rental","article_publisher":"https:\/\/www.facebook.com\/profile.php?id=100063628207134","article_modified_time":"2023-05-08T06:39:53+00:00","og_image":[{"width":1920,"height":595,"url":"https:\/\/intercar.ba\/wp-content\/uploads\/2023\/05\/slide-1.jpg","type":"image\/jpeg"}],"twitter_card":"summary_large_image","twitter_misc":{"Est. reading time":"2 minutes"},"schema":{"@context":"https:\/\/schema.org","@graph":[{"@type":"WebPage","@id":"https:\/\/intercar.ba\/dugorocno-iznajmljivanje\/","url":"https:\/\/intercar.ba\/dugorocno-iznajmljivanje\/","name":"Long-term rental - Intercar Tuzla - Car Rental","isPartOf":{"@id":"https:\/\/intercar.ba\/#website"},"datePublished":"2023-05-03T18:42:33+00:00","dateModified":"2023-05-08T06:39:53+00:00","breadcrumb":{"@id":"https:\/\/intercar.ba\/dugorocno-iznajmljivanje\/#breadcrumb"},"inLanguage":"en-US","potentialAction":[{"@type":"ReadAction","target":["https:\/\/intercar.ba\/dugorocno-iznajmljivanje\/"]}]},{"@type":"BreadcrumbList","@id":"https:\/\/intercar.ba\/dugorocno-iznajmljivanje\/#breadcrumb","itemListElement":[{"@type":"ListItem","position":1,"name":"Naslovna","item":"https:\/\/intercar.ba\/"},{"@type":"ListItem","position":2,"name":"Dugoro\u010dno iznajmljivanje"}]},{"@type":"WebSite","@id":"https:\/\/intercar.ba\/#website","url":"https:\/\/intercar.ba\/","name":"Intercar Tuzla - Rent a car","description":"Short-term and long-term vehicle rental!","publisher":{"@id":"https:\/\/intercar.ba\/#organization"},"potentialAction":[{"@type":"SearchAction","target":{"@type":"EntryPoint","urlTemplate":"https:\/\/intercar.ba\/?s={search_term_string}"},"query-input":{"@type":"PropertyValueSpecification","valueRequired":true,"valueName":"search_term_string"}}],"inLanguage":"en-US"},{"@type":"Organization","@id":"https:\/\/intercar.ba\/#organization","name":"Intercar Tuzla - Rent a car","url":"https:\/\/intercar.ba\/","logo":{"@type":"ImageObject","inLanguage":"en-US","@id":"https:\/\/intercar.ba\/#\/schema\/logo\/image\/","url":"https:\/\/intercar.ba\/wp-content\/uploads\/2023\/05\/favicon.png","contentUrl":"https:\/\/intercar.ba\/wp-content\/uploads\/2023\/05\/favicon.png","width":257,"height":257,"caption":"Intercar Tuzla - Rent a car"},"image":{"@id":"https:\/\/intercar.ba\/#\/schema\/logo\/image\/"},"sameAs":["https:\/\/www.facebook.com\/profile.php?id=100063628207134"]}]}},"_links":{"self":[{"href":"https:\/\/intercar.ba\/en\/wp-json\/wp\/v2\/pages\/3360","targetHints":{"allow":["GET"]}}],"collection":[{"href":"https:\/\/intercar.ba\/en\/wp-json\/wp\/v2\/pages"}],"about":[{"href":"https:\/\/intercar.ba\/en\/wp-json\/wp\/v2\/types\/page"}],"author":[{"embeddable":true,"href":"https:\/\/intercar.ba\/en\/wp-json\/wp\/v2\/users\/1"}],"replies":[{"embeddable":true,"href":"https:\/\/intercar.ba\/en\/wp-json\/wp\/v2\/comments?post=3360"}],"version-history":[{"count":22,"href":"https:\/\/intercar.ba\/en\/wp-json\/wp\/v2\/pages\/3360\/revisions"}],"predecessor-version":[{"id":3908,"href":"https:\/\/intercar.ba\/en\/wp-json\/wp\/v2\/pages\/3360\/revisions\/3908"}],"wp:attachment":[{"href":"https:\/\/intercar.ba\/en\/wp-json\/wp\/v2\/media?parent=3360"}],"curies":[{"name":"wp","href":"https:\/\/api.w.org\/{rel}","templated":true}]}}

<p>Intercar business paket se odnosi na dugoročne najmove i namjenjen je kompanijama. U cijenu Intercar business paketa je uključeno sljedeće: Kasko osiguranje (bez franšize) u toku trajanja najma Obavezno osiguranje od auto-odgovornosti (AO), uključujući putničko osiguranje (1+4) za period najma neograničena kilometraža troškove registracije vozila godišnju taksu na motorna vozila redovan servis vozila sezonska zamjena [&hellip;]</p>

<!-- This site is optimized with the Yoast SEO plugin v27.5 - https://yoast.com/product/yoast-seo-wordpress/ -->
<title>Dugoročno iznajmljivanje - Intercar Tuzla - Car Rental</title>
<meta name="robots" content="index, follow, max-snippet:-1, max-image-preview:large, max-video-preview:-1" />
<link rel="canonical" href="https://intercar.ba/en/dugorocno-iznajmljivanje/" />
<meta property="og:locale" content="en_US" />
<meta property="og:type" content="article" />
<meta property="og:title" content="Dugoročno iznajmljivanje - Intercar Tuzla - Car Rental" />
<meta property="og:description" content="Intercar business paket se odnosi na dugoročne najmove i namjenjen je kompanijama. U cijenu Intercar business paketa je uključeno sljedeće: Kasko osiguranje (bez franšize) u toku trajanja najma Obavezno osiguranje od auto-odgovornosti (AO), uključujući putničko osiguranje (1+4) za period najma neograničena kilometraža troškove registracije vozila godišnju taksu na motorna vozila redovan servis vozila sezonska zamjena [&hellip;]" />
<meta property="og:url" content="https://intercar.ba/en/dugorocno-iznajmljivanje/" />
<meta property="og:site_name" content="Intercar Tuzla - Car Rental" />
<meta property="article:publisher" content="https://www.facebook.com/profile.php?id=100063628207134" />
<meta property="article:modified_time" content="2023-05-08T06:39:53+00:00" />
<meta property="og:image" content="https://intercar.ba/wp-content/uploads/2023/05/slide-1.jpg" />
	<meta property="og:image:width" content="1920" />
	<meta property="og:image:height" content="595" />
	<meta property="og:image:type" content="image/jpeg" />
<meta name="twitter:card" content="summary_large_image" />
<meta name="twitter:label1" content="Est. reading time" />
	<meta name="twitter:data1" content="2 minutes" />
<script type="application/ld+json" class="yoast-schema-graph">{"@context":"https:\/\/schema.org","@graph":[{"@type":"WebPage","@id":"https:\/\/intercar.ba\/dugorocno-iznajmljivanje\/","url":"https:\/\/intercar.ba\/dugorocno-iznajmljivanje\/","name":"Dugoročno iznajmljivanje - Intercar Tuzla - Car Rental","isPartOf":{"@id":"https:\/\/intercar.ba\/#website"},"datePublished":"2023-05-03T18:42:33+00:00","dateModified":"2023-05-08T06:39:53+00:00","breadcrumb":{"@id":"https:\/\/intercar.ba\/dugorocno-iznajmljivanje\/#breadcrumb"},"inLanguage":"en-US","potentialAction":[{"@type":"ReadAction","target":["https:\/\/intercar.ba\/dugorocno-iznajmljivanje\/"]}]},{"@type":"BreadcrumbList","@id":"https:\/\/intercar.ba\/dugorocno-iznajmljivanje\/#breadcrumb","itemListElement":[{"@type":"ListItem","position":1,"name":"Naslovna","item":"https:\/\/intercar.ba\/"},{"@type":"ListItem","position":2,"name":"Dugoročno iznajmljivanje"}]},{"@type":"WebSite","@id":"https:\/\/intercar.ba\/#website","url":"https:\/\/intercar.ba\/","name":"Intercar Tuzla - Rent a car","description":"Kratkoročno i dugoročno iznajmljivanje vozila!","publisher":{"@id":"https:\/\/intercar.ba\/#organization"},"potentialAction":[{"@type":"SearchAction","target":{"@type":"EntryPoint","urlTemplate":"https:\/\/intercar.ba\/?s={search_term_string}"},"query-input":{"@type":"PropertyValueSpecification","valueRequired":true,"valueName":"search_term_string"}}],"inLanguage":"en-US"},{"@type":"Organization","@id":"https:\/\/intercar.ba\/#organization","name":"Intercar Tuzla - Rent a car","url":"https:\/\/intercar.ba\/","logo":{"@type":"ImageObject","inLanguage":"en-US","@id":"https:\/\/intercar.ba\/#\/schema\/logo\/image\/","url":"https:\/\/intercar.ba\/wp-content\/uploads\/2023\/05\/favicon.png","contentUrl":"https:\/\/intercar.ba\/wp-content\/uploads\/2023\/05\/favicon.png","width":257,"height":257,"caption":"Intercar Tuzla - Rent a car"},"image":{"@id":"https:\/\/intercar.ba\/#\/schema\/logo\/image\/"},"sameAs":["https:\/\/www.facebook.com\/profile.php?id=100063628207134"]}]}</script>
<!-- / Yoast SEO plugin. -->

Dugoročno iznajmljivanje - Intercar Tuzla - Car Rental

Intercar business paket se odnosi na dugoročne najmove i namjenjen je kompanijama. U cijenu Intercar business paketa je uključeno sljedeće: Kasko osiguranje (bez franšize) u toku trajanja najma Obavezno osiguranje od auto-odgovornosti (AO), uključujući putničko osiguranje (1+4) za period najma neograničena kilometraža troškove registracije vozila godišnju taksu na motorna vozila redovan servis vozila sezonska zamjena [&hellip;]

Dugoročno iznajmljivanje
